5. Let q be s(0). Let t = 14 - q. Let w(g) = -g**3 + 8*g**2 + 12*g - 9. List the prime factors of w(t).
2, 3
List the prime factors of 368 - 70 - (-2 + -1).
7, 43
Let s be (141/9)/(-1)*-3. Suppose -c = -s - 61. List the prime factors of c.
2, 3
Let n(b) be the third derivative of -13*b**4/12 - b**3/6 + 3*b**2. Suppose -5*c = -2*a - 1, 2*c + 0*a = 2*a + 4. List the prime factors of n(c).
5
Let m(y) = -4*y - 8. Let o be m(-4). Let t be 4/o + 357/6. Suppose 5*b - 65 - t = 0. What are the prime factors of b?
5
Let v(h) = -h**3 + 25*h**2 + 18*h + 2. List the prime factors of v(24).
2, 5, 101
Suppose -272 = -2*r - 2*q - 2*q, 5*r + 4*q - 686 = 0. Suppose 0 = 2*y - 0 - r. What are the prime factors of y?
3, 23
Let u = 1337 + -145. List the prime factors of u.
2, 149
Suppose -5*u = -3*d - d - 523, -4*u - 4 = 0. Let x = d + 185. What are the prime factors of x?
53
Let z(s) = -123*s - 258. What are the prime factors of z(-11)?
3, 5, 73
Let s be (-12)/18*3/2. Let k = s + 3. Suppose 2*n - 3*t - 11 = 2*t, t = k*n - 31. List the prime factors of n.
2, 3
Suppose -22 = 2*l - 24. Let c = 63 - l. Let f = c + -23. What are the prime factors of f?
3, 13
Let c = -12 + 23. Suppose c*h - 552 = 8*h. What are the prime factors of h?
2, 23
Let p(s) = 4*s - 35. Let w be p(10). Suppose w*v - 75 = -3*u + 17, -u = 2*v - 32. What are the prime factors of u?
2, 3
Suppose 5*s + 42 = 12*s. Suppose -j + 113 = 5*d, s*j - 2*j - 500 = -4*d. What are the prime factors of j?
2
Suppose 4*p = -7*p + 3663. What are the prime factors of p?
3, 37
Let c be 2*13*(-10 + 12). List the prime factors of c + (2 - 2) + -3.
7
Suppose 0 = -20*h + 23*h. Suppose h = -5*c - q + 432, -3*c - 5*q + 181 = -65. What are the prime factors of c?
3, 29
Suppose -11448 + 990 = -14*l. What are the prime factors of l?
3, 83
Let r = -213 + 456. Suppose 4*c - r = 377. What are the prime factors of c?
5, 31
Suppose 24496 - 69856 = -45*v. List the prime factors of v.
2, 3, 7
Let c be (8/(-10))/((-20)/(-50)). Let d be (-8)/c*15/10. Suppose -8 = -i + d. List the prime factors of i.
2, 7
Let t(n) = 4*n + 76. What are the prime factors of t(-10)?
2, 3
Let i = -43 + 903. Suppose i = 6*u - u. Suppose -6*a = -2*a - u. What are the prime factors of a?
43
Let m = 212 + -168. What are the prime factors of m?
2, 11
Let b(q) = -24*q + 2. Let m(u) = 47*u - 5. Let o(r) = -7*b(r) - 3*m(r). Suppose 0*d - d = -2. List the prime factors of o(d).
5, 11
Suppose 7*b + 7 - 28 = 0. List the prime factors of 1/(b + (-339)/114).
2, 19
List the prime factors of 1/(-18) + 744209/306.
2, 19
Let y(s) = -5*s**2 - s + 8. Let j(c) = c**2 + c - 1. Let a(u) = 4*j(u) + y(u). Let r be a(4). Suppose -2*t + 14 - 2 = r. List the prime factors of t.
2, 3
List the prime factors of 1/(0 - -2)*152262/99.
769
Let p(j) = 11*j - 6. Let f be p(-10). Let m = f - -170. Suppose 93 = 3*k - m. List the prime factors of k.
7
Let p(l) = -39*l + 47. List the prime factors of p(-13).
2, 277
Suppose -4*t = 5*n + 50, -2*n + 3*t + 112 - 132 = 0. Let b be (-3)/(-2) + 2/4. What are the prime factors of 15*n/(-6)*b?
2, 5
Suppose -u = -4*h - 533, 8*h = -5*u + 5*h + 2642. List the prime factors of u.
23
Suppose 28444 = 5*s + u, -74*u = -s - 69*u + 5694. What are the prime factors of s?
5689
Suppose 3*z - 3*m - 253 = 605, -1422 = -5*z + m. List the prime factors of z.
2, 71
Let v(s) = s**3 - 38*s**2 - 115*s + 25. List the prime factors of v(41).
353
Let n = -84 + 124. Suppose 15 = -5*j, -4*j - n = -5*h + j. What are the prime factors of 102/5 + (-2)/h?
2, 5
Let s = 152 - -1040. List the prime factors of s.
2, 149
Let i(z) be the third derivative of z**6/120 + z**5/12 + z**4/6 - 4*z**2. Let d be i(-4). Suppose 26 = r - d*r. What are the prime factors of r?
2, 13
Suppose 2*u + 563 = 4*j - 161, 0 = -3*j + 4*u + 553. Let h = -112 + j. List the prime factors of h.
67
Let y = 980 + -575. What are the prime factors of y?
3, 5
Suppose 36*b = 71*b - 78015. What are the prime factors of b?
3, 743
Let k be (-53)/(3*4/(-72)). Suppose 229 = 3*u - 5*w - 272, 2*u = -2*w + k. What are the prime factors of u?
2, 3
Let u(b) = -b**2 + 54*b - 121. List the prime factors of u(22).
11, 53
Let f be (-1 + 10)*(-74)/(-3). Suppose -f = -2*b - 0*b. Suppose -5*i = -129 - b. List the prime factors of i.
2, 3
Suppose 10*q - 11856 = -16*q. List the prime factors of q.
2, 3, 19
Let j be (-2)/(-4) + (-516)/(-24). Suppose -2*h + c - 12 = 0, 0 = -4*h + 3*c - j - 6. List the prime factors of 1/(h/5 + 1).
5
List the prime factors of 61915/45 - (-2)/18.
2, 43
Let b(o) = 2*o**2 - 4*o + 4. Let g be -3 + 24/4 - 0. Let k be b(g). Let p = -5 + k. What are the prime factors of p?
5
Let y(v) be the third derivative of -35*v**4/24 - v**3/6 - v**2 + 30. What are the prime factors of y(-1)?
2, 17
Let m(s) = -s**3 + 5*s**2 - 8*s - 28. List the prime factors of m(-12).
2, 17, 37
Suppose -534 = 2*y - 5*y. What are the prime factors of y?
2, 89
Let j = 44 - 38. Suppose -o = -1 - j. Let d(t) = 9*t - 18. What are the prime factors of d(o)?
3, 5
Suppose -2*m = -0*m + 2*s - 40, 0 = s + 4. Suppose -5*c - m = -299. List the prime factors of c.
5, 11
Let p = 181 - 127. List the prime factors of 1/7*257 + p/189.
37
Let l = 69 + -272. Let f = l - -376. What are the prime factors of f?
173
Let m(u) = u**2 - 5*u - 4. Let z be m(-4). List the prime factors of z/6*(-15 - -33).
2, 3
Suppose -11*v = -635 - 465. List the prime factors of v.
2, 5
Let z = -716 + 1299. Suppose 0*h = -4*h - 2*t + 470, 5*h = 2*t + z. List the prime factors of h.
3, 13
What are the prime factors of -6*3/(-27) + (-3080)/(-6)?
2, 257
Let q(r) = -r**3 + 6*r**2 - 5*r - 2. Let f be q(5). Let z = f - -7. Suppose 2*o = h - 1 + 5, 3*o + z*h - 19 = 0. What are the prime factors of o?
3
What are the prime factors of 1664/3 - (5/3 - 3)?
2, 139
Let r = -16 + 53. Suppose r = 4*v - 143. List the prime factors of v.
3, 5
Suppose 13*d - 13417 + 3225 = 0. List the prime factors of d.
2, 7
Let s be (4648/(-16))/((-2)/4). Let w = s + -414. List the prime factors of w.
167
Let l = 1744 + -1530. What are the prime factors of l?
2, 107
Let m = 2 + 2. Suppose -3*g = m*o - 233, -1 = 3*g - 10. What are the prime factors of o?
2, 7
Suppose 7*u - 29 + 1 = 0. Suppose 3*l = -u*p + 420, 1 + 5 = 2*p. What are the prime factors of l?
2, 17
Let k(z) = -5 + 0*z**2 - 13*z - 3 + 0*z**2 - z**2. Let h be k(-9). Let d = h + -3. List the prime factors of d.
5
Let g(q) = -q - 13. Let f be g(-15). Suppose -f*t = -t. Suppose t = m + m - 16. What are the prime factors of m?
2
Let l(u) = 33*u**2 + 2*u + 1. Let v(z) = -z. Let y(d) = l(d) + 3*v(d). Let q be y(1). Suppose -q = -r + 5. List the prime factors of r.
2, 19
Let c(h) = h**2 - 12*h - 10. Let g be c(16). Let f = g + -22. Suppose -2*m + 5*p = -f, -3*m + 6*p - 3*p = -57. List the prime factors of m.
3, 7
Suppose -12*i = 22*i - 49130. What are the prime factors of i?
5, 17
Let l = 382 - -73. List the prime factors of l.
5, 7, 13
Let d = 24 + 161. Let i = d - 87. What are the prime factors of i?
2, 7
Let g(y) = -14 + 5 + y**3 + 3*y**2 + 8. Let r(p) = p**2 - 4*p - 7. Let m be r(5). What are the prime factors of g(m)?
3
Let j be -2 + (-10)/(-4)*(-1 - -13). Suppose -j*r + 25*r = -186. List the prime factors of r.
2, 31
Let y(a) = 8*a - 42. Let p be y(7). Suppose -p*w + 12*w + 312 = 0. What are the prime factors of w?
2, 3, 13
Suppose -2*m + 5*q + 845 = 0, m - 264 = -2*q + 163. List the prime factors of m.
5, 17
Suppose 5*o - 15 = 0, 0*o = 3*a - 5*o - 21. Suppose -d - a = -5*d. Suppose -k + d*k = -3*z + 27, 0 = -4*k - 4*z + 56. List the prime factors of k.
3, 5
Suppose 10*h = 6*h + 48. Suppose -s + 3 + h = 0. List the prime factors of s/(-10)*(-200)/6.
2, 5
Let g = 35 + -34. List the prime factors of 1/((g - 2)/(314/(-2))).
157
Suppose -16*u + 294 = -2170. What are the prime factors of u?
2, 7, 11
Let f = 6 + -14. Let w = -6 - f. Suppose -w*c + 0*c + 58 = 0. What are the prime factors of c?
29
Suppose 11*j = 694 + 472. What are the prime factors of j?
2, 53
Let i(w) = -26*w - 4. Let y be i(3). Let c = -25 - y. List the prime factors of c.
3, 19
Suppose 3*v + 3921 = 3*n + 5*v, -5*n + 6536 = 3*v. List the prime factors of n.
7, 11, 17
Let u(a) = 47*a. Let h(p) = 1127*p. Let j(v) = -2*h(v) + 49*u(v). List the prime factors of j(1).
7
Let a = 11791 - 6664. List the